{"id":1626,"date":"2020-04-26T20:23:43","date_gmt":"2020-04-26T19:23:43","guid":{"rendered":"http:\/\/www.goggs.li\/?page_id=1626"},"modified":"2026-01-22T21:20:57","modified_gmt":"2026-01-22T20:20:57","slug":"bio","status":"publish","type":"page","link":"https:\/\/www.emilymagorrian.ch\/?page_id=1626","title":{"rendered":"Bio"},"content":{"rendered":"\n<h2 class=\"wp-block-heading\">Emily Magorrian<\/h2>\n\n\n\n<p>Emily Magorrian geboren in England 1991, studierte Contemporary Performance Practice am Royal Conservatoire of Scotland und Master of Expanded Theatre an der Hochschule der K\u00fcnste Bern. Sie inszenierte u. a. am Dramaten (SE), am Staatsschauspiel Dresden (DE), am Schlachthaus Theater Bern (CH), an der B\u00fchne Aarau (CH) und am Stadelhofen Theater Z\u00fcrich (CH).<\/p>\n\n\n\n<p>Emily arbeitet h\u00e4ufig als Co-Regisseurin zusammen: Bei ihren Kindertheaterarbeiten kooperiert sie mit Luzius Engel, beim B\u00fcrgerb\u00fchne mit Jonas Egloff. Ihre Theaterarbeiten f\u00fcr junges Publikum mit \u201eEngel&amp;Magorrian\u201c touren durch Europa im deutsch- und franz\u00f6sischsprachigen Raum.<\/p>\n\n\n\n<p> Im Jahr 2020 wurde sie Finalistin f\u00fcr den F\u00f6rderpreis Premio f\u00fcr junge Schweizer darstellende K\u00fcnstler*innen. 2014 erhielt sie den Avrom Greenbaum Players Award f\u00fcr Regie, 2017 war sie Finalistin f\u00fcr den Ober-Gerwern-Masterpreis f\u00fcr Absolventinnen und Absolventen der Hochschule der K\u00fcnste Bern f\u00fcr ihre Arbeit GIFT. <\/p>\n\n\n\n<p>Seit Beginn der Spielzeit 2024\/2025 leitet Emily Magorrian zusammen mit Jonas Junker das Theater im GZ Buchegg Z\u00fcrich.<\/p>\n\n\n\n<figure class=\"wp-block-gallery has-nested-images columns-default is-cropped wp-block-gallery-1 is-layout-flex wp-block-gallery-is-layout-flex\">\n<figure class=\"wp-block-image size-full\"><a href=\"http:\/\/www.emilymagorrian.ch\/wp-content\/uploads\/2020\/04\/0K2A3014.jpg\"><img loading=\"lazy\" decoding=\"async\" width=\"533\" height=\"800\" data-id=\"1653\" src=\"http:\/\/www.emilymagorrian.ch\/wp-content\/uploads\/2020\/04\/0K2A3014.jpg\" alt=\"\" class=\"wp-image-1653\" srcset=\"https:\/\/www.emilymagorrian.ch\/wp-content\/uploads\/2020\/04\/0K2A3014.jpg 533w, https:\/\/www.emilymagorrian.ch\/wp-content\/uploads\/2020\/04\/0K2A3014-200x300.jpg 200w, https:\/\/www.emilymagorrian.ch\/wp-content\/uploads\/2020\/04\/0K2A3014-326x489.jpg 326w\" sizes=\"auto, (max-width: 533px) 100vw, 533px\" \/><\/a><\/figure>\n<\/figure>\n","protected":false},"excerpt":{"rendered":"<p>Emily Magorrian Emily Magorrian geboren in England 1991, studierte Contemporary Performance Practice am Royal Conservatoire of Scotland und Master of Expanded Theatre an der Hochschule der K\u00fcnste Bern. Sie inszenierte u. a. am Dramaten (SE), am Staatsschauspiel Dresden (DE), am Schlachthaus Theater Bern (CH), an der B\u00fchne Aarau (CH) und am Stadelhofen Theater Z\u00fcrich (CH). [&hellip;]<\/p>\n","protected":false},"author":1,"featured_media":0,"parent":0,"menu_order":0,"comment_status":"closed","ping_status":"open","template":"","meta":{"footnotes":""},"class_list":["post-1626","page","type-page","status-publish","hentry"],"_links":{"self":[{"href":"https:\/\/www.emilymagorrian.ch\/index.php?rest_route=\/wp\/v2\/pages\/1626","targetHints":{"allow":["GET"]}}],"collection":[{"href":"https:\/\/www.emilymagorrian.ch\/index.php?rest_route=\/wp\/v2\/pages"}],"about":[{"href":"https:\/\/www.emilymagorrian.ch\/index.php?rest_route=\/wp\/v2\/types\/page"}],"author":[{"embeddable":true,"href":"https:\/\/www.emilymagorrian.ch\/index.php?rest_route=\/wp\/v2\/users\/1"}],"replies":[{"embeddable":true,"href":"https:\/\/www.emilymagorrian.ch\/index.php?rest_route=%2Fwp%2Fv2%2Fcomments&post=1626"}],"version-history":[{"count":15,"href":"https:\/\/www.emilymagorrian.ch\/index.php?rest_route=\/wp\/v2\/pages\/1626\/revisions"}],"predecessor-version":[{"id":2001,"href":"https:\/\/www.emilymagorrian.ch\/index.php?rest_route=\/wp\/v2\/pages\/1626\/revisions\/2001"}],"wp:attachment":[{"href":"https:\/\/www.emilymagorrian.ch\/index.php?rest_route=%2Fwp%2Fv2%2Fmedia&parent=1626"}],"curies":[{"name":"wp","href":"https:\/\/api.w.org\/{rel}","templated":true}]}}